In base 4, what is 3131313022 + 1?
3131313023
In base 13, what is 9c + 1a4ca8?
1a5077
In base 5, what is 121404034013 + 4?
121404034022
In base 7, what is -11126546 - 35?
-11126614
In base 12, what is 17a - -34738?
348b6
In base 7, what is -561124 - 5123?
-566250
In base 10, what is 71100 - 46?
71054
In base 2, what is -10101110110111 - 1000010110010100?
-1011000101001011
In base 13, what is 59 + -5240?
-51b4
In base 4, what is -11123 + -1101200110?
-1101211233
In base 9, what is 5 + -66603666?
-66603661
In base 5, what is -10111 + 304013?
243402
In base 10, what is -264264183 + -2?
-264264185
In base 12, what is 0 + -912a8b?
-912a8b
In base 11, what is 62690 - 6a9?
61a92
In base 2, what is -10101111101101010 + -1001100101101?
-10111001010010111
In base 9, what is -30413208 + 4?
-30413204
In base 10, what is -5026 - -3645?
-1381
In base 16, what is -871 + 42f0e?
4269d
In base 3, what is -12212010 - 221101222?
-1011021002
In base 7, what is -2416463 - 162?
-2416655
In base 12, what is 20b9 + aaa?
2ba7
In base 3, what is 22001101220111 + 1?
22001101220112
In base 7, what is 112426 - -1330?
114056
In base 12, what is 1039a2b - 83?
1039968
In base 2, what is 100110 + -11101100101111001000?
-11101100101110100010
In base 4, what is -23 + -1023121122021?
-1023121122110
In base 15, what is 327e2 - -9a?
3288c
In base 2, what is -10101101000110001110010101 + -100?
-10101101000110001110011001
In base 7, what is 4 - 233460030?
-233460023
In base 16, what is 2011bc + 83?
20123f
In base 7, what is -41242 + 114214?
42642
In base 2, what is -10000100110011001110001001110 + -100?
-10000100110011001110001010010
In base 5, what is 320012221 + -24?
320012142
In base 15, what is 19a4b0 + 2?
19a4b2
In base 6, what is -2102 + 3411?
1305
In base 16, what is 1457 + -1294f?
-114f8
In base 14, what is 5 + 186b806?
186b80b
In base 4, what is 10133 - 30300333?
-30230200
In base 11, what is -99a + 29721?
28832
In base 11, what is -35367 - -729?
-34739
In base 3, what is -211112202 + -10121202?
-222011111
In base 3, what is 22021220212100021 + 2?
22021220212100100
In base 15, what is -9963e5 + -6?
-9963eb
In base 12, what is 9890054 - 2?
9890052
In base 14, what is 10a2039 - -2c?
10a2067
In base 9, what is 2541 + 3120?
5661
In base 7, what is -130633101 + -3?
-130633104
In base 11, what is -7 + 1157a51?
1157a45
In base 7, what is -3202406046 - -5?
-3202406041
In base 16, what is -11 + 4afc7?
4afb6
In base 13, what is 4 - -9a04?
9a08
In base 15, what is -2c05a + 138?
-2be22
In base 12, what is -1b7 - 3419a?
-34395
In base 10, what is -83779 - -666?
-83113
In base 11, what is 15a1a8 + -621?
159687
In base 16, what is -c2b535 + 8?
-c2b52d
In base 4, what is -12 - -32212021333121?
32212021333103
In base 10, what is 3314 + 392026?
395340
In base 15, what is 55 - 2046d?
-20418
In base 4, what is 32030200111 + -233?
32030133212
In base 11, what is -23 + 1585aaa?
1585a87
In base 13, what is 947 + 12a5?
1c1c
In base 2, what is -100 - 1001010010011110101111?
-1001010010011110110011
In base 10, what is 155 + -345?
-190
In base 16, what is -20e8 + -392?
-247a
In base 13, what is -7 - 531b969?
-531b973
In base 11, what is 39500 + 9?
39509
In base 9, what is -5 + 6564253?
6564247
In base 14, what is -aa768b + -8?
-aa7695
In base 4, what is -1203221 + 31112102?
23302221
In base 4, what is 1003210 + -102011221?
-101002011
In base 4, what is -11 + 23120011010?
23120010333
In base 15, what is -559049a + -5?
-55904a0
In base 12, what is -47 - -50508?
50481
In base 11, what is 4 - -24764500?
24764504
In base 4, what is 10121130 + -110101?
10011023
In base 4, what is -2110312130 - -1031?
-2110311033
In base 10, what is 387096 - -17?
387113
In base 2, what is 1000 + 1000110110110111101101?
1000110110110111110101
In base 2, what is 101 + 111110001001110011101?
111110001001110100010
In base 12, what is -2309 - 106?
-2413
In base 6, what is -223 + -2133421?
-2134044
In base 7, what is 21414 + -131214?
-106500
In base 2, what is -1001100011 - -1100101010?
11000111
In base 11, what is 1 + -23965a79?
-23965a78
In base 8, what is 36 + -1475041?
-1475003
In base 13, what is -4419a3 - -b?
-441995
In base 3, what is -1112001022201120 - 10?
-1112001022201200
In base 15, what is 0 + -14e2678e?
-14e2678e
In base 5, what is 402032311 - -4?
402032320
In base 3, what is 21210112020 - -210001?
21211022021
In base 15, what is -4 - 146234d?
-1462352
In base 5, what is 30040020014 + -3?
30040020011
In base 8, what is -3 + -11104265?
-11104270
In base 6, what is -1 + -135425224?
-135425225
In base 6, what is -20523 - 312001?
-332524
In base 9, what is 2 - 33160207?
-33160205
In base 4, what is -11 + -11012222021322?
-11012222021333
In base 15, what is 8ea7 + 234?
91db
In base 12, what is 5 - -2244a97?
2244aa0
In base 11, what is -4760 + -3996?
-8646
In base 8, what is -6 + 61031776?
61031770
In base 2, what is 110110001011100010010110 + -1000?
110110001011100010001110
In base 10, what is -702385 + -85?
-702470
In base 11, what is 2 + 6a70217?
6a70219
In base 15, what is -20c5d87 + b?
-20c5d7b
In base 6, what is 1 - 331102212?
-331102211
In base 5, what is -11 - 1112202302302?
-1112202302313
In base 13, what is -5 + 6b855c?
6b8557
In base 12, what is -482960b + 3?
-4829608
In base 7, what is 14031313 - -12?
14031325
In base 8, what is 2176553 - 353?
2176200
In base 3, what is -20212 + -10020022000?
-10020112212
In base 9, what is 467607 + 344?
468052
In base 10, what is 16630681 - 4?
16630677
In base 16, what is 5 + -13532ee?
-13532e9
In base 11, what is -237472814 - -2?
-237472812
In base 6, what is 23315142 + -202?
23314540
In base 15, what is 1756 + -4d72?
-361b
In base 8, what is 775116 + -24?
775072
In base 2, what is 1010100001001110101 + 101111?
1010100001010100100
In base 14, what is 3 + -1386c?
-13869
In base 14, what is -b3 + -31526c?
-315341
In base 16, what is -1775f5f - -1?
-1775f5e
In base 16, what is 2239 - 2e0?
1f59
In base 3, what is -1 - -1121111110022?
1121111110021
In base 7, what is 51224 - 2611?
45313
In base 5, what is 3 - -132304311?
132304314
In base 8, what is 457 - 14535647?
-14535170
In base 14, what is 358c4a3a + 0?
358c4a3a
In base 10, what is -3 - 46878462?
-46878465
In base 7, what is -13 - -303431626?
303431613
In base 11, what is 149940 - -12?
149952
In base 10, what is -11 + 22131858?
22131847
In base 13, what is -19 - -25061c6?
25061aa
In base 14, what is -2adca0d - -5?
-2adca08
In base 6, what is -4532 + 3333234?
3324302
In base 6, what is 1554 - 150521351?
-150515353
In base 15, what is 3814be9 + b?
3814c05
In base 12, what is 110aa - 16221?
-5133
In base 13, what is 9969 + -7506?
2463
In base 16, what is 56b3565 + 4?
56b3569
In base 12, what is -3 + 2b465001?
2b464bba
In base 16, what is -1591c - 104?
-15a20
In base 12, what is 1796a6 - 12?
179694
In base 9, what is 618522 + -2?
618520
In base 6, what is 10242155511 - 10?
10242155501
In base 8, what is -3656673 - 147?
-3657042
In base 4, what is -1021320 + 333001?
-22313
In base 13, what is 47 - c77b8?
-c7771
In base 4, what is -3330133310 - -11?
-3330133233
In base 15, what is 213 + -57e6?
-55d3
In base 12, what is 14a3 - 3193?
-18b0
In base 12, what is -4 - -1193616?
1193612
In base 7, what is -2003034 + 65?
-2002636
In base 10, what is 397 - 64315?
-63918
In base 15, what is e69e - -7e?
e72d
In base 3, what is 11 - 2201111201120?
-2201111201102
In base 8, what is 2346621 - -131?
2346752
In base 10, what is 3713 - 12708?
-8995
In base 12, what is -95402 + -7aa?
-95bb0
In base 3, what is -110012100 - -1122010?
-101120020
In base 4, what is -101223212 + 3010130?
-32213022
In base 12, what is -3 + 1912a9a?
1912a97
In base 9, what is 465 - -482632?
483207
In base 8, what is 254217 + -1545?
252452
In base 12, what is -82b9371 - -5?
-82b9368
In base 6, what is 1 + -154512422?
-154512421
In base 6, what is -3223 - 1250120?
-1253343
In base 2, what is -101 + -11010000101001011010001001?
-11010000101001011010001110
In base 10, what is -254783 + 141?
-254642
In base 13, what is -307a8 - -2299?
-2b50c
In base 11, what is 11020 - 195?
10936
In base 2, what is -1000011111101111011 + -100110110?
-1000100000010110001
In base 8, what is 242 - -210676?
211140
In base 4, what is -12132 + -131121030?
-131133222
In base 10, what is -1 + -126